{"id":14031,"date":"2025-05-05T13:52:37","date_gmt":"2025-05-05T16:52:37","guid":{"rendered":"https:\/\/kpmayorista.com\/nueva\/productos\/sahumerio-square-charu-nuestra-senora-del-sagrado-corazon-pack-x25-cajitas-vsh-ssc7\/"},"modified":"2026-04-20T07:53:27","modified_gmt":"2026-04-20T10:53:27","slug":"sahumerio-square-charu-nuestra-senora-del-sagrado-corazon-pack-x25-cajitas-vsh-ssc7","status":"publish","type":"product","link":"https:\/\/kpmayorista.com\/nueva\/productos\/sahumerio-square-charu-nuestra-senora-del-sagrado-corazon-pack-x25-cajitas-vsh-ssc7\/","title":{"rendered":"SAHUMERIO Square CHARU Nuestra se\u00f1ora del sagrado coraz\u00f3n &#8211; pack x25 cajitas &#8211; (VSH-SSC7)"},"content":{"rendered":"<p>SAHUMERIO Square CHARU Nuestra se\u00f1ora del sagrado coraz\u00f3n &#8211; pack x25 cajitas<\/p>\n","protected":false},"excerpt":{"rendered":"<p>Uni. x Bulto: BULTO X 24<\/p>\n","protected":false},"featured_media":14080,"template":"","meta":{"_monsterinsights_skip_tracking":false,"_monsterinsights_sitenote_active":false,"_monsterinsights_sitenote_note":"","_monsterinsights_sitenote_category":0},"product_brand":[],"product_cat":[565,580],"product_tag":[],"class_list":{"0":"post-14031","1":"product","2":"type-product","3":"status-publish","4":"has-post-thumbnail","6":"product_cat-07-accesorios-del-hogar","7":"product_cat-7-17-aromatizacion","9":"first","10":"instock","11":"product-type-simple","12":"prodpage-style3"},"_links":{"self":[{"href":"https:\/\/kpmayorista.com\/nueva\/wp-json\/wp\/v2\/product\/14031","targetHints":{"allow":["GET"]}}],"collection":[{"href":"https:\/\/kpmayorista.com\/nueva\/wp-json\/wp\/v2\/product"}],"about":[{"href":"https:\/\/kpmayorista.com\/nueva\/wp-json\/wp\/v2\/types\/product"}],"wp:featuredmedia":[{"embeddable":true,"href":"https:\/\/kpmayorista.com\/nueva\/wp-json\/wp\/v2\/media\/14080"}],"wp:attachment":[{"href":"https:\/\/kpmayorista.com\/nueva\/wp-json\/wp\/v2\/media?parent=14031"}],"wp:term":[{"taxonomy":"product_brand","embeddable":true,"href":"https:\/\/kpmayorista.com\/nueva\/wp-json\/wp\/v2\/product_brand?post=14031"},{"taxonomy":"product_cat","embeddable":true,"href":"https:\/\/kpmayorista.com\/nueva\/wp-json\/wp\/v2\/product_cat?post=14031"},{"taxonomy":"product_tag","embeddable":true,"href":"https:\/\/kpmayorista.com\/nueva\/wp-json\/wp\/v2\/product_tag?post=14031"}],"curies":[{"name":"wp","href":"https:\/\/api.w.org\/{rel}","templated":true}]}}