{"id":5282,"date":"2023-11-05T22:13:51","date_gmt":"2023-11-06T01:13:51","guid":{"rendered":"https:\/\/kpmayorista.com\/nuevaweb\/?post_type=product&#038;p=5282"},"modified":"2026-05-04T08:14:29","modified_gmt":"2026-05-04T11:14:29","slug":"alfombra-bano-pvc-enrulado-jaspeado-con-diseno-rect-oval-038-x-058-cm-mie-3858","status":"publish","type":"product","link":"https:\/\/kpmayorista.com\/nueva\/productos\/alfombra-bano-pvc-enrulado-jaspeado-con-diseno-rect-oval-038-x-058-cm-mie-3858\/","title":{"rendered":"ALFOMBRA BA\u00d1O PVC ENRULADO JASPEADO CON DISE\u00d1O RECT OVAL 038 X 058 CM &#8211; (MIE-3858)"},"content":{"rendered":"<p>ALFOMBRA BA\u00d1O PVC ENRULADO JASPEADO CON DISE\u00d1O RECT OVAL 038 X 058 CM<\/p>\n","protected":false},"excerpt":{"rendered":"<p>Uni. x Bulto: BULTO X 50<\/p>\n","protected":false},"featured_media":5331,"template":"","meta":{"_monsterinsights_skip_tracking":false,"_monsterinsights_sitenote_active":false,"_monsterinsights_sitenote_note":"","_monsterinsights_sitenote_category":0},"product_brand":[],"product_cat":[532,533],"product_tag":[],"class_list":{"0":"post-5282","1":"product","2":"type-product","3":"status-publish","4":"has-post-thumbnail","6":"product_cat-02-alfombra-y-felpudos","7":"product_cat-2-1-alf-ducha-antides","9":"first","10":"instock","11":"product-type-simple","12":"prodpage-style3"},"_links":{"self":[{"href":"https:\/\/kpmayorista.com\/nueva\/wp-json\/wp\/v2\/product\/5282","targetHints":{"allow":["GET"]}}],"collection":[{"href":"https:\/\/kpmayorista.com\/nueva\/wp-json\/wp\/v2\/product"}],"about":[{"href":"https:\/\/kpmayorista.com\/nueva\/wp-json\/wp\/v2\/types\/product"}],"wp:featuredmedia":[{"embeddable":true,"href":"https:\/\/kpmayorista.com\/nueva\/wp-json\/wp\/v2\/media\/5331"}],"wp:attachment":[{"href":"https:\/\/kpmayorista.com\/nueva\/wp-json\/wp\/v2\/media?parent=5282"}],"wp:term":[{"taxonomy":"product_brand","embeddable":true,"href":"https:\/\/kpmayorista.com\/nueva\/wp-json\/wp\/v2\/product_brand?post=5282"},{"taxonomy":"product_cat","embeddable":true,"href":"https:\/\/kpmayorista.com\/nueva\/wp-json\/wp\/v2\/product_cat?post=5282"},{"taxonomy":"product_tag","embeddable":true,"href":"https:\/\/kpmayorista.com\/nueva\/wp-json\/wp\/v2\/product_tag?post=5282"}],"curies":[{"name":"wp","href":"https:\/\/api.w.org\/{rel}","templated":true}]}}