{"id":7168,"date":"2020-01-01T00:00:00","date_gmt":"2020-01-01T03:00:00","guid":{"rendered":"https:\/\/kpmayorista.com\/nuevaweb\/?post_type=product&#038;p=7168"},"modified":"2026-04-24T13:35:45","modified_gmt":"2026-04-24T16:35:45","slug":"tapon-de-goma-conico-grande-para-piletas-de-lona-2-5-cm-o-3-cm-o-x-3-cm-pks-tgg","status":"publish","type":"product","link":"https:\/\/kpmayorista.com\/nueva\/productos\/tapon-de-goma-conico-grande-para-piletas-de-lona-2-5-cm-o-3-cm-o-x-3-cm-pks-tgg\/","title":{"rendered":"TAPON DE GOMA CONICO GRANDE PARA PILETAS DE LONA 2.5 CM \u00d8 3 CM \u00d8 X 3 CM &#8211; (PKS-TGG)"},"content":{"rendered":"<p>TAPON DE GOMA CONICO GRANDE PARA PILETAS DE LONA 2.5 CM \u00d8 3 CM \u00d8 X 3 CM<\/p>\n","protected":false},"excerpt":{"rendered":"<p>Uni. x Bulto: BULTO X 100<\/p>\n","protected":false},"featured_media":7211,"template":"","meta":{"_monsterinsights_skip_tracking":false,"_monsterinsights_sitenote_active":false,"_monsterinsights_sitenote_note":"","_monsterinsights_sitenote_category":0},"product_brand":[],"product_cat":[570,605],"product_tag":[],"class_list":{"0":"post-7168","1":"product","2":"type-product","3":"status-publish","4":"has-post-thumbnail","6":"product_cat-10-temporada","7":"product_cat-10-2-1-accesorios-pileta","9":"first","10":"instock","11":"product-type-simple","12":"prodpage-style3"},"_links":{"self":[{"href":"https:\/\/kpmayorista.com\/nueva\/wp-json\/wp\/v2\/product\/7168","targetHints":{"allow":["GET"]}}],"collection":[{"href":"https:\/\/kpmayorista.com\/nueva\/wp-json\/wp\/v2\/product"}],"about":[{"href":"https:\/\/kpmayorista.com\/nueva\/wp-json\/wp\/v2\/types\/product"}],"wp:featuredmedia":[{"embeddable":true,"href":"https:\/\/kpmayorista.com\/nueva\/wp-json\/wp\/v2\/media\/7211"}],"wp:attachment":[{"href":"https:\/\/kpmayorista.com\/nueva\/wp-json\/wp\/v2\/media?parent=7168"}],"wp:term":[{"taxonomy":"product_brand","embeddable":true,"href":"https:\/\/kpmayorista.com\/nueva\/wp-json\/wp\/v2\/product_brand?post=7168"},{"taxonomy":"product_cat","embeddable":true,"href":"https:\/\/kpmayorista.com\/nueva\/wp-json\/wp\/v2\/product_cat?post=7168"},{"taxonomy":"product_tag","embeddable":true,"href":"https:\/\/kpmayorista.com\/nueva\/wp-json\/wp\/v2\/product_tag?post=7168"}],"curies":[{"name":"wp","href":"https:\/\/api.w.org\/{rel}","templated":true}]}}